38 divide 1274516307?
False
Is 72 a factor of 260839189?
False
Is 93790192 a multiple of 16?
True
Is 24 a factor of 895003248?
True
Is 6106258 a multiple of 202?
True
Is 458031526 a multiple of 419?
True
Is 728541930 a multiple of 4695?
True
Is 64 a factor of 2247455872?
True
Does 910 divide 51701543?
False
Is 25128321 a multiple of 214?
False
Is 16614568 a multiple of 284?
True
Is 228 a factor of 814572019?
False
Does 328 divide 129389383?
False
Is 231 a factor of 3086074437?
False
Does 49 divide 90006570?
False
Is 2782335 a multiple of 251?
True
Does 22 divide 344563618?
False
Is 5 a factor of 12273657?
False
Does 110 divide 2680872601?
False
Does 130 divide 32672357?
False
Does 125 divide 29789933?
False
Does 6 divide 74380464?
True
Does 2 divide 273883972?
True
Does 1377 divide 1239027631?
False
Is 37 a factor of 71855230?
False
Is 366741474 a multiple of 22?
True
Is 20580858 a multiple of 27?
True
Does 701 divide 602179329?
True
Is 1430 a factor of 56164402?
False
Is 236840969 a multiple of 114?
False
Is 1193655661 a multiple of 131?
False
Does 31 divide 738402743?
False
Does 6 divide 16169426?
False
Is 51 a factor of 3330659856?
True
Is 172 a factor of 12526244?
True
Is 11 a factor of 130272877?
False
Does 11 divide 29950567?
False
Does 42 divide 42169326?
False
Does 344 divide 954229512?
True
Does 13 divide 62438402?
True
Is 514573481 a multiple of 35?
False
Is 44325933 a multiple of 78?
False
Is 19 a factor of 14541614?
False
Is 39 a factor of 35173749?
True
Is 7 a factor of 905927982?
False
Is 505028160 a multiple of 2184?
True
Is 18340050 a multiple of 1292?
False
Is 13 a factor of 5817799?
True
Is 2348 a factor of 610853332?
True
Does 4627 divide 183969520?
True
Is 814948098 a multiple of 1970?
False
Does 262 divide 82093770?
True
Is 871 a factor of 534055041?
False
Does 68 divide 2919204?
False
Does 7780 divide 2512446026?
False
Is 2223 a factor of 178144551?
True
Is 41 a factor of 237258521?
False
Is 348 a factor of 135828549?
False
Is 2 a factor of 56804163?
False
Is 263504314 a multiple of 131?
False
Is 82 a factor of 1502773371?
False
Is 898264094 a multiple of 4249?
True
Does 1999 divide 54132920?
True
Is 25 a factor of 176418000?
True
Does 73 divide 35054746?
True
Is 2522506493 a multiple of 188?
False
Is 421164160 a multiple of 8?
True
Is 2103 a factor of 187995582?
True
Is 5 a factor of 103198371?
False
Is 519 a factor of 5463513?
True
Is 2045374111 a multiple of 10?
False
Does 40 divide 11036808?
False
Does 28 divide 893556996?
False
Is 15 a factor of 1303234464?
False
Is 164 a factor of 12971353?
False
Does 80 divide 267673440?
True
Is 1170777468 a multiple of 21?
True
Is 23 a factor of 853085830?
False
Is 1581270840 a multiple of 15?
True
Is 22204053 a multiple of 187?
False
Is 904653117 a multiple of 63?
False
Does 55 divide 41397696?
False
Does 203 divide 6905017?
False
Is 39 a factor of 380017779?
False
Does 2 divide 215177289?
False
Is 96420600 a multiple of 460?
True
Does 52 divide 2008865617?
False
Does 15 divide 7121514015?
True
Is 68450782 a multiple of 43?
False
Is 19641672 a multiple of 202?
True
Is 28776204 a multiple of 745?
False
Is 769175330 a multiple of 55?
True
Is 120 a factor of 2322558720?
True
Is 64 a factor of 39526912?
True
Does 6 divide 50481234?
True
Does 1969 divide 17073199?
True
Is 719 a factor of 31928633?
True
Is 453690146 a multiple of 62?
True
Is 48 a factor of 10360001?
False
Is 1089404588 a multiple of 873?
False
Is 798424796 a multiple of 202?
True
Is 50473368 a multiple of 4?
True
Is 94578765 a multiple of 264?
False
Is 137 a factor of 7313882?
True
Is 318 a factor of 281822751?
False
Is 137757438 a multiple of 9?
True
Does 298 divide 1155525113?
False
Is 973 a factor of 22800309?
True
Is 372 a factor of 3975150?
False
Does 79 divide 662922496?
True
Is 1141106374 a multiple of 342?
False
Is 24525986 a multiple of 21?
False
Is 19 a factor of 41735134?
True
Is 45021044 a multiple of 2?
True
Does 246 divide 2064702634?
False
Is 33399913 a multiple of 229?
False
Does 697 divide 323385546?
False
Is 15850171 a multiple of 338?
False
Is 72 a factor of 79353936?
True
Does 3818 divide 432296868?
True
Does 83 divide 14860545?
False
Is 2157923582 a multiple of 841?
True
Is 1506 a factor of 30538668?
True
Is 42 a factor of 402598511?
False
Is 373381048 a multiple of 41?
False
Is 269 a factor of 22025182?
True
Does 90 divide 395185303?
False
Is 502 a factor of 160808672?
True
Does 163 divide 1896146?
False
Does 74 divide 315161920?
False
Is 7 a factor of 8491892?
False
Is 190643723 a multiple of 6?
False
Is 17 a factor of 98113394?
False
Is 27319244 a multiple of 20?
False
Is 295679538 a multiple of 9?
True
Is 16069926 a multiple of 78?
False
Is 3826 a factor of 2651181398?
False
Is 568 a factor of 47284864?
True
Is 102 a factor of 505091454?
True
Does 36 divide 8679096?
True
Is 4 a factor of 20438500?
True
Is 419369676 a multiple of 4829?
True
Is 11 a factor of 274457491?
True
Is 107305597 a multiple of 15?
False
Is 1951 a factor of 16107456?
True
Is 324592116 a multiple of 12?
True
Does 24 divide 6746280?
True
Is 185912561 a multiple of 1016?
False
Is 52 a factor of 77180272?
True
Is 364693290 a multiple of 598?
True
Does 239 divide 32569149?
False
Does 375 divide 487024125?
True
Is 559 a factor of 153882683?
False
Does 5 divide 1032096145?
True
Is 212604640 a multiple of 20?
True
Does 19 divide 5406497842?
True
Is 251191053 a multiple of 44?
False
Does 5 divide 14895009?
False
Is 96126758 a multiple of 301?
True
Is 160 a factor of 2820300?
False
Is 114740 a multiple of 20?
True
Is 183431304 a multiple of 98?
True
Is 946 a factor of 104730051?
False
Does 1107 divide 967630914?
True
Is 1128 a factor of 280071164?
False
Is 1497770896 a multiple of 334?
True
Is 8 a factor of 1321680848?
True
Does 227 divide 555347679?
False
Is 112 a factor of 297274992?
True
Is 562 a factor of 4194932?
False
Does 5 divide 964264?
False
Is 358236 a multiple of 12?
True
Is 443 a factor of 97511821?
False
Does 40 divide 515086160?
True
Is 1284945653 a multiple of 17?
False
Does 9 divide 186107500?
False
Is 4 a factor of 147488185?
False
Does 3137 divide 38804062?
False
Does 199 divide 2145528085?
False
Is 358 a factor of 830810958?
True
Is 2596460873 a multiple of 17?
False
Is 1876248664 a multiple of 1304?
True
Is 3233 a factor of 58258123?
False
Is 158 a factor of 135228092?
True
Does 658 divide 1568368662?
True
Is 37846856 a multiple of 2346?
False
Is 2060083 a multiple of 89?
True
Is 191445240 a multiple of 60?
True
Is 311 a factor of 101299418?
False
Is 9 a factor of 27746470?
False
Does 31 divide 135056030?
False
Does 9 divide 9993132?
True
Does 90 divide 1344523050?
True
Does 709 divide 199879377?
False
Is 15 a factor of 35148990?
True
Is 91 a factor of 762349187?
False
Is 1958371 a multiple of 54?
False
Is 2770 a factor of 82615066?
False
Does 525 divide 1514206575?
True
Does 381 divide 1181481?
True
Is 26 a factor of 565292?
True
Is 145329875 a multiple of 222?
False
Is 1115420270 a multiple of 10618?
False
Does 20 divide 57655775?
False
Does 224 divide 10751320?
False
Is 107316600 a multiple of 383?
True
Is 19081536 a multiple of 87?
True
Is 36153558 a multiple of 21?
True
Does 946 divide 808683014?
False
Does 57 divide 26873365?
False
Does 4736 divide 73634495?
False
Is 21 a factor of 33589668?
True
Is 16 a factor of 249548426?
False
Is 228 a factor of 179118624?
True
Does 61 divide 277771979?
True
Is 2579547114 a multiple of 2362?
False
Is 44024703 a multiple of 18?
False
Is 336 a factor of 507202416?
True
Is 18420941 a multiple of 782?
False
Is 34445395 a multiple of 261?
False
Is 7470 a multiple of 18?
True
Is 26 a factor of 196124667?
False
Is 6 a factor of 1241978?
False
Does 103 divide 35985110?
True
Is 21313560 a multiple of 470?
True
Is 10439050 a multiple of 10?
True
Does 108 divide 848118230?
False
Does 12 divide 29499632?
False
Is 578 a factor of 60755345?
False
Is 289400532 a multiple of 188?
False
Is 738329493 a multiple of 13231?
True
Does 34 divide 78294690?
True
Does 58 divide 347884?
True
Does 32 divide 457429568?
True
Is 1963 a factor of 49406747?
True
Is 50 a factor of 23695850?
True
Is 37585838 a multiple of 142?
True
Is 96083902 a multiple of 809?
False
Does 10 divide 1577554160?
Tru